 divide 29670?
True
Is 116440 a multiple of 164?
True
Is 1150 a multiple of 8?
False
Does 10 divide 530?
True
Does 23 divide 1673?
False
Does 9 divide 8866?
False
Is 11 a factor of 33?
True
Is 75 a factor of 3040?
False
Is 11460 a multiple of 15?
True
Is 5 a factor of 666?
False
Is 600 a multiple of 35?
False
Does 7 divide 5355?
True
Is 2 a factor of 184?
True
Does 4 divide 113?
False
Does 33 divide 19809?
False
Is 11 a factor of 977?
False
Is 6892 a multiple of 31?
False
Is 9152 a multiple of 44?
True
Is 131 a factor of 25283?
True
Is 28 a factor of 1920?
False
Is 96 a factor of 742?
False
Is 756 a multiple of 12?
True
Does 8 divide 1980?
False
Does 62 divide 1605?
False
Is 15 a factor of 1029?
False
Is 574 a multiple of 14?
True
Is 40 a factor of 186?
False
Does 7 divide 44186?
False
Is 19 a factor of 8815?
False
Does 56 divide 3752?
True
Is 9 a factor of 9486?
True
Is 18 a factor of 792?
True
Does 11 divide 2983?
False
Is 7 a factor of 2821?
True
Is 29 a factor of 22069?
True
Is 5 a factor of 14350?
True
Does 69 divide 69?
True
Is 5375 a multiple of 25?
True
Does 54 divide 12474?
True
Is 891 a multiple of 51?
False
Is 30 a multiple of 3?
True
Does 22 divide 93?
False
Is 42 a factor of 168?
True
Is 65 a multiple of 46?
False
Is 5 a factor of 31776?
False
Is 17 a factor of 664?
False
Is 240 a factor of 79173?
False
Is 21345 a multiple of 221?
False
Does 195 divide 18146?
False
Does 54 divide 1168?
False
Is 2835 a multiple of 35?
True
Does 47 divide 1938?
False
Does 34 divide 1802?
True
Does 9 divide 377?
False
Is 14 a factor of 560?
True
Does 18 divide 62118?
True
Is 7277 a multiple of 27?
False
Is 6541 a multiple of 132?
False
Does 15 divide 120?
True
Is 15252 a multiple of 164?
True
Does 21 divide 15708?
True
Is 6525 a multiple of 87?
True
Does 3 divide 476?
False
Is 19 a factor of 5302?
False
Is 9 a factor of 45792?
True
Is 3 a factor of 1129?
False
Does 16 divide 1397?
False
Is 36492 a multiple of 18?
False
Is 4695 a multiple of 10?
False
Is 3855 a multiple of 5?
True
Is 9747 a multiple of 11?
False
Is 3840 a multiple of 16?
True
Does 47 divide 846?
True
Does 24 divide 96?
True
Does 37 divide 22901?
False
Is 192 a multiple of 3?
True
Is 68 a factor of 8057?
False
Is 6 a factor of 594?
True
Is 85 a factor of 6035?
True
Does 71 divide 17892?
True
Does 47 divide 3076?
False
Is 42 a factor of 756?
True
Is 676 a multiple of 7?
False
Does 267 divide 15753?
True
Is 54 a factor of 624?
False
Is 8 a factor of 320?
True
Is 200 a factor of 1123?
False
Is 15 a factor of 7033?
False
Does 13 divide 1378?
True
Does 217 divide 63487?
False
Is 32 a factor of 1984?
True
Is 15436 a multiple of 10?
False
Does 18 divide 442?
False
Does 7 divide 7524?
False
Does 164 divide 2132?
True
Does 60 divide 7740?
True
Is 15 a factor of 1806?
False
Is 16 a factor of 1008?
True
Is 42 a factor of 739?
False
Is 386 a multiple of 4?
False
Is 900 a multiple of 45?
True
Does 9 divide 1035?
True
Does 94 divide 313?
False
Is 10 a factor of 1478?
False
Is 30 a factor of 611?
False
Is 25 a factor of 44650?
True
Does 11 divide 4565?
True
Does 21 divide 370?
False
Does 27 divide 945?
True
Is 11 a factor of 24508?
True
Is 12936 a multiple of 44?
True
Is 5 a factor of 435?
True
Is 633 a multiple of 52?
False
Does 61 divide 59048?
True
Does 27 divide 61476?
False
Is 31 a multiple of 6?
False
Is 7820 even?
True
Is 554 a multiple of 124?
False
Is 228 a factor of 31236?
True
Does 32 divide 6521?
False
Does 28 divide 4270?
False
Does 24 divide 1128?
True
Is 3498 a multiple of 11?
True
Is 20 a factor of 124?
False
Is 41 a factor of 14678?
True
Is 2673 a multiple of 33?
True
Is 1745 a multiple of 19?
False
Does 6 divide 40059?
False
Does 18 divide 10278?
True
Is 9 a factor of 2934?
True
Does 24 divide 77554?
False
Does 15 divide 5276?
False
Is 3451 a multiple of 29?
True
Is 48733 a multiple of 128?
False
Is 8431 a multiple of 73?
False
Is 103664 a multiple of 102?
False
Is 247 a factor of 8892?
True
Is 49816 a multiple of 8?
True
Is 90 a factor of 13876?
False
Is 2370 a multiple of 15?
True
Does 36 divide 1368?
True
Is 10 a factor of 966?
False
Does 52 divide 91539?
False
Does 78 divide 9892?
False
Is 12789 a multiple of 128?
False
Is 5496 a multiple of 183?
False
Is 1115 a multiple of 19?
False
Does 62 divide 3658?
True
Does 16 divide 3273?
False
Is 1092 a multiple of 52?
True
Is 849 a multiple of 14?
False
Is 1309 a multiple of 11?
True
Does 89 divide 63635?
True
Does 15 divide 8265?
True
Is 5 a factor of 197?
False
Is 32246 even?
True
Does 87 divide 37395?
False
Is 19596 a multiple of 71?
True
Does 6 divide 1410?
True
Does 10 divide 238?
False
Is 53 a multiple of 53?
True
Is 18 a factor of 2232?
True
Is 16320 a multiple of 24?
True
Does 14 divide 41524?
True
Does 34 divide 952?
True
Is 82 a factor of 1467?
False
Is 280 a factor of 53480?
True
Does 3 divide 82?
False
Is 5 a factor of 9073?
False
Is 759 a multiple of 69?
True
Is 29988 a multiple of 7?
True
Is 5009 a multiple of 12?
False
Does 70 divide 24150?
True
Does 35 divide 1785?
True
Is 12 a factor of 60?
True
Is 41 a factor of 3743?
False
Is 42076 a multiple of 35?
False
Does 53 divide 636?
True
Does 164 divide 5740?
True
Does 10 divide 8990?
True
Is 9 a factor of 135?
True
Does 15 divide 1095?
True
Is 27659 a multiple of 17?
True
Does 113 divide 5409?
False
Is 36109 a multiple of 20?
False
Does 259 divide 9842?
True
Does 23 divide 1505?
False
Is 908 a multiple of 2?
True
Does 158 divide 153687?
False
Is 190 a multiple of 5?
True
Is 198 a multiple of 22?
True
Is 25 a factor of 545?
False
Does 23 divide 851?
True
Is 53 a factor of 424?
True
Is 261 a multiple of 29?
True
Is 5 a factor of 3086?
False
Is 26 a factor of 841?
False
Is 7018 a multiple of 90?
False
Is 464 a multiple of 16?
True
Does 13 divide 1833?
True
Is 3 a factor of 365?
False
Does 71 divide 221?
False
Is 31 a factor of 1891?
True
Is 46364 a multiple of 83?
False
Is 25 a factor of 713?
False
Does 19 divide 399?
True
Is 1314 a multiple of 19?
False
Does 5 divide 202?
False
Is 609 a multiple of 15?
False
Does 27 divide 1678?
False
Does 12 divide 449?
False
Does 23 divide 575?
True
Is 340 a multiple of 34?
True
Is 41 a factor of 902?
True
Is 17 a factor of 1989?
True
Is 2191 a multiple of 7?
True
Does 4 divide 32?
True
Is 23940 a multiple of 45?
True
Is 54 a factor of 1590?
False
Does 67 divide 15075?
True
Does 65 divide 149?
False
Is 45 a factor of 38636?
False
Is 10 a factor of 25847?
False
Does 19 divide 17670?
True
Is 42325 a multiple of 62?
False
Is 15552 a multiple of 48?
True
Is 98 a factor of 7546?
True
Is 14 a factor of 4409?
False
Does 15 divide 2306?
False
Is 49 a multiple of 2?
False
Is 25 a multiple of 5?
True
Does 136 divide 3341?
False
Is 674 a multiple of 9?
False
Does 54 divide 5562?
True
Does 2 divide 2705?
False
Is 6230 a multiple of 35?
True
Is 45 a factor of 540?
True
Does 10 divide 230?
True
Does 241 divide 98569?
True
Is 570 a multiple of 38?
True
Does 47 divide 335?
False
Is 9572 a multiple of 5?
False
Is 9264 a multiple of 80?
False
Does 61 divide 18788?
True
Does 11 divide 713?
False
Is 118 a factor of 21240?
True
Is 17277 a multiple of 53?
False
Is 2346 a multiple of 69?
True
Is 140 a factor of 69846?
False
Is 21 a factor of 27035?
False
Is 25 a factor of 1575?
True
Is 21632 a multiple of 12?
False
Is 260 a multiple of 65?
True
Is 69 a factor of 9246?
True
Is 10095 a multiple of 9?
False
Is 6 a factor of 552?
True
Does 19 divide 7866?
True
Is 3 a factor of 13759?
False
Is 6 a factor of 9252?
True
Does 5 divide 3195?
True
Is 18 a factor of 2412?
True
Is 13 a factor of 369?
False
Does 126 divide 4478?
False
Does 57 divide 44988?
False
Does 41 divide 1606?
False
Is 113220 a multiple of 19?
False
Is 24392 a multiple of 10?
False
Is 986 a multiple of 34?
True
Does 33 divide 1390?
False
Is 243 a multiple of 9?
True
Is 571 a multiple of 85?
False
Is 98488 a multiple of 12?
False
Is 353 a factor of 51841?
False
Does 28 divide 4615?
False
Is 12 a factor of 5983?
False
Does 3 divide 6673?
False
Does 58 divide 2088?
True
Is 16 a factor of 4464?
True
Is 4921 a multiple of 30?
False
Is 12 a factor of 396?
True
Does 219 divide 101616?
True
Is 20 a factor of 7988?
False
Does 130 divide 9902?
False
Is 728 a multiple of 28?
True
Does 27 divide 1971?
True
Is 